00?
2, 5, 3467
List the prime factors of 97328.
2, 7, 11, 79
What are the prime factors of 385963?
23, 97, 173
List the prime factors of 1128564.
2, 3, 23, 29, 47
What are the prime factors of 21735539?
7, 37, 83921
List the prime factors of 413439.
3, 13, 10601
What are the prime factors of 301379?
13, 97, 239
List the prime factors of 175854.
2, 3, 7, 53, 79
List the prime factors of 581014.
2, 7, 47, 883
List the prime factors of 7567074.
2, 3, 17, 8243
List the prime factors of 835507.
257, 3251
List the prime factors of 18845405.
5, 3769081
What are the prime factors of 219519?
3, 24391
What are the prime factors of 59362?
2, 67, 443
What are the prime factors of 64490?
2, 5, 6449
List the prime factors of 2070693.
3, 230077
List the prime factors of 1213958.
2, 71, 83, 103
List the prime factors of 3707151.
3, 7, 176531
List the prime factors of 14594.
2, 7297
What are the prime factors of 1385367?
3, 53, 8713
What are the prime factors of 464209?
23, 20183
List the prime factors of 1720011.
3, 179, 3203
List the prime factors of 30148.
2, 7537
What are the prime factors of 179208?
2, 3, 19, 131
List the prime factors of 5139398.
2, 11, 233609
List the prime factors of 905552.
2, 56597
What are the prime factors of 107235?
3, 5, 2383
What are the prime factors of 711516?
2, 3, 13, 4561
What are the prime factors of 555508?
2, 113, 1229
List the prime factors of 609617.
609617
List the prime factors of 2557536.
2, 3, 26641
What are the prime factors of 3812453?
3812453
What are the prime factors of 1756694?
2, 23, 38189
What are the prime factors of 2718091?
1063, 2557
What are the prime factors of 11055793?
7, 1579399
List the prime factors of 2118180.
2, 3, 5, 43, 821
List the prime factors of 712437.
3, 11, 21589
What are the prime factors of 20136956?
2, 7, 719177
What are the prime factors of 66821?
66821
What are the prime factors of 292775?
5, 7, 239
What are the prime factors of 566203?
11, 51473
What are the prime factors of 14576?
2, 911
What are the prime factors of 4770636?
2, 3, 13, 53, 577
What are the prime factors of 837124?
2, 31, 43, 157
What are the prime factors of 1022073?
3, 13, 73, 359
List the prime factors of 7622.
2, 37, 103
List the prime factors of 591768.
2, 3, 8219
List the prime factors of 23928019.
181, 132199
What are the prime factors of 267194?
2, 133597
List the prime factors of 1577931.
3, 19, 31, 47
What are the prime factors of 14405254?
2, 7202627
List the prime factors of 365565.
3, 5, 24371
What are the prime factors of 41644359?
3, 359, 12889
List the prime factors of 3197880.
2, 3, 5, 7, 47
List the prime factors of 8565332.
2, 2141333
List the prime factors of 638825.
5, 11, 23, 101
What are the prime factors of 2089634?
2, 347, 3011
What are the prime factors of 179512?
2, 19, 1181
What are the prime factors of 3959172?
2, 3, 7, 5237
What are the prime factors of 4785619?
17, 89, 3163
List the prime factors of 2250155.
5, 37, 12163
List the prime factors of 187965.
3, 5, 4177
What are the prime factors of 548543?
548543
What are the prime factors of 2185882?
2, 397, 2753
List the prime factors of 1191714.
2, 3, 83, 2393
What are the prime factors of 373264?
2, 41, 569
What are the prime factors of 450669?
3, 150223
What are the prime factors of 146248?
2, 101, 181
What are the prime factors of 8409382?
2, 71, 59221
What are the prime factors of 818710?
2, 5, 19, 31, 139
What are the prime factors of 7562629?
47, 160907
List the prime factors of 1008387.
3, 19, 5897
List the prime factors of 93205.
5, 7, 2663
List the prime factors of 3982161.
3, 1327387
What are the prime factors of 12871144?
2, 11, 13, 11251
What are the prime factors of 12238549?
1789, 6841
List the prime factors of 56730.
2, 3, 5, 31, 61
What are the prime factors of 76353?
3, 31, 821
List the prime factors of 5528125.
5, 29, 61
What are the prime factors of 16917774?
2, 3, 2819629
What are the prime factors of 835782?
2, 3, 139297
What are the prime factors of 6087466?
2, 7, 11, 5647
What are the prime factors of 349818?
2, 3, 7, 8329
What are the prime factors of 1386801?
3, 13, 439
What are the prime factors of 1051217?
467, 2251
What are the prime factors of 1166531?
1166531
What are the prime factors of 26433?
3, 11, 89
What are the prime factors of 5538773?
137, 40429
What are the prime factors of 998313?
3, 89, 3739
List the prime factors of 1672612.
2, 271, 1543
List the prime factors of 3713464.
2, 229, 2027
List the prime factors of 2005321.
29, 69149
What are the prime factors of 11480213?
263, 43651
What are the prime factors of 1078821?
3, 119869
List the prime factors of 634280.
2, 5, 101, 157
List the prime factors of 4244805.
3, 5, 47, 223
List the prime factors of 9000668.
2, 2250167
List the prime factors of 96824.
2, 7, 13, 19
What are the prime factors of 14307295?
5, 29, 79, 1249
List the prime factors of 1512287.
7, 4409
List the prime factors of 229773.
3, 191, 401
List the prime factors of 1033477.
229, 4513
List the prime factors of 13606132.
2, 181, 18793
What are the prime factors of 871591?
7, 124513
What are the prime factors of 478376?
2, 59797
List the prime factors of 178691.
178691
What are the prime factors of 22521223?
22521223
What are the prime factors of 1628684?
2, 41, 9931
List the prime factors of 1867972.
2, 461, 1013
List the prime factors of 3908622.
2, 3, 651437
What are the prime factors of 56012?
2, 11, 19, 67
List the prime factors of 890712.
2, 3, 89, 139
List the prime factors of 11224129.
7, 857, 1871
What are the prime factors of 9064807?
131, 69197
List the prime factors of 4367761.
4367761
List the prime factors of 1723472.
2, 107717
What are the prime factors of 10306073?
2437, 4229
What are the prime factors of 17400693?
3, 37, 59, 2657
What are the prime factors of 1131656?
2, 17, 53, 157
List the prime factors of 3116520.
2, 3, 5, 11, 787
List the prime factors of 7236101.
17, 425653
List the prime factors of 7717458.
2, 3, 7, 19, 509
List the prime factors of 3235919.
79, 40961
What are the prime factors of 20773?
20773
What are the prime factors of 311884?
2, 103, 757
List the prime factors of 9475334.
2, 11, 430697
What are the prime factors of 265860?
2, 3, 5, 7, 211
What are the prime factors of 10222536?
2, 3, 425939
What are the prime factors of 155438?
2, 77719
What are the prime factors of 1824093?
3, 67559
List the prime factors of 1998739.
1998739
List the prime factors of 424165.
5, 7, 12119
List the prime factors of 139035.
3, 5, 13, 23, 31
List the prime factors of 11950954.
2, 127, 47051
List the prime factors of 520912.
2, 7, 4651
List the prime factors of 675675.
3, 5, 7, 11, 13
What are the prime factors of 497210?
2, 5, 7, 7103
List the prime factors of 1144398.
2, 3, 29, 6577
List the prime factors of 2924182.
2, 131, 11161
What are the prime factors of 132516?
2, 3, 409
What are the prime factors of 219979?
219979
List the prime factors of 3082805.
5, 11, 23, 2437
What are the prime factors of 437783?
43, 10181
List the prime factors of 6683103.
3, 7, 43, 2467
What are the prime factors of 4926043?
4926043
What are the prime factors of 641729?
11, 227, 257
What are the prime factors of 13298311?
13, 677, 1511
What are the prime factors of 53795?
5, 7, 29, 53
What are the prime factors of 574719?
3, 17, 59, 191
What are the prime factors of 4134068?
2, 1033517
What are the prime factors of 2010823?
487, 4129
What are the prime factors of 4377680?
2, 5, 54721
List the prime factors of 21048947.
151, 139397
What are the prime factors of 5515275?
3, 5, 151, 487
List the prime factors of 2462739.
3, 17, 43, 1123
List the prime factors of 180327.
3, 7, 31, 277
List the prime factors of 139581.
3, 13, 1193
List the prime factors of 2506601.
73, 34337
What are the prime factors of 779451?
3, 41, 6337
What are the prime factors of 7827729?
3, 7, 13, 53, 541
List the prime factors of 20177356.
2, 347, 14537
What are the prime factors of 973565?
5, 194713
List the prime factors of 9360539.
1129, 8291
List the prime factors of 4112269.
7, 587467
What are the prime factors of 357661?
357661
What are the prime factors of 6880474?
2, 3440237
What are the prime factors of 99310?
2, 5, 9931
What are the prime factors of 12942182?
2, 11, 241, 2441
List the pr